g = -45 + 77. Calculate the remainder when 57 is divided by g.
25
Suppose 10*y = 19*y - 198. Suppose 0 = -3*j + 6*j - 9. Suppose j*v + 92 = 353. Calculate the remainder when v is divided by y.
21
Let g(k) = k**2 - 2*k - 6. Let s be g(11). Suppose 4*r + 163 = -2*o - o, 3*o = -5*r - 206. Let p = s + r. What is the remainder when p is divided by 13?
11
Let t = 215 + -198. What is the remainder when 67 is divided by t?
16
Let j = 6 + 0. Let m be j/(-8) - (-194)/(-8). What is the remainder when (-5)/m + (-69)/(-5) is divided by 8?
6
Suppose w - 4*w = -21. Suppose 0 = 4*m - 5*y - 71, -2*y + w = -3. What is the remainder when m is divided by 9?
6
Let f = -265 - -277. What is the remainder when 58 is divided by f?
10
Calculate the remainder when (-1 + 11/(-2) + 5)*-38 is divided by 15.
12
Suppose 4*f - 128 = -4*x, 4*f - 6*f + 89 = -3*x. Calculate the remainder when 181 is divided by f.
33
Suppose -2 = 32*v - 33*v. Suppose -v*f - 3*l = -7*l - 60, 0 = -3*l + 3. Calculate the remainder when 61 is divided by f.
29
Let g(m) = -m**2 - 8*m + 2. Calculate the remainder when -1 + -1 - -1 - (-3168)/88 is divided by g(-7).
8
Suppose -2*x - 4*m - 16 = 0, m + m = 2*x - 14. Suppose 2*a + 0 = -d + 2, -5*a = 5. Suppose 0 = -2*t + 2 + d. Calculate the remainder when t is divided by x.
1
Suppose 0 = -0*u + 42*u - 2898. What is the remainder when 141 is divided by u?
3
Let s(r) = -3*r - 11. Suppose 9*j - 101 = -4*t + 8*j, -5*t + 126 = j. What is the remainder when t is divided by s(-7)?
5
Let k(l) = 5*l**2 + 13*l + 4. Let o be k(-5). Let q = o + -59. What is the remainder when 17 is divided by q?
2
Let k be (-8 - -10)*2/4. Let c(m) = 46*m**3 + m**2 - m + 1. Let f be c(k). Let n = f - -7. Calculate the remainder when n is divided by 11.
10
Suppose -74 = 2*g - 258. Calculate the remainder when g is divided by (-14)/(-21) + 142/3.
44
What is the remainder when -1*(-1154)/10 - 6/(-10) is divided by 40?
36
Let p = -114 + 189. Calculate the remainder when 25 is divided by p/10 - 3/6.
4
Suppose -151 = -5*p - 3*o, 0 = -0*p + 4*p + 2*o - 122. Calculate the remainder when 151 is divided by p.
23
What is the remainder when 41 is divided by (-17)/(-3)*(3 + 0)*2?
7
Suppose 1920 = -86*i + 92*i. What is the remainder when i is divided by 163?
157
Suppose 0*f - 5*f = -n + 13, n + f - 7 = 0. What is the remainder when 74 is divided by n?
2
Suppose -w + 31 - 1 = 0. Suppose -8*q + 139 = 10*q - 95. Calculate the remainder when w is divided by q.
4
Let g be -5*26 - 6*(-3)/(-6). Calculate the remainder when 19 is divided by 2/4 + g/(-14).
9
Suppose 36 + 34 = 5*f - 4*y, 3*f - 42 = -y. Calculate the remainder when f is divided by 9.
5
Suppose 4*x - 7 - 19 = -2*s, 0 = 2*s - 3*x + 2. Suppose s*v - 72 = -2*o, -3*o - v = -0*v - 82. What is the remainder when o is divided by 27/2 + (-1)/(-2)?
12
Let d(m) = 29*m - 4. Let a(r) = -59*r + 7. Let s(w) = 3*a(w) + 5*d(w). What is the remainder when s(-1) is divided by 6?
3
Suppose 0 = 8*r - 31 - 41. Calculate the remainder when 194 is divided by r.
5
Let u = 17 - 15. Suppose -14 = -2*c + 4*p, 4*p = -3*c + u*p + 53. Calculate the remainder when 43 is divided by c.
13
Suppose 0 = 3*p + 5*s - 68, -3*p - 5*s + s + 64 = 0. What is the remainder when 1/4 - (-67)/4 is divided by p/(-6)*(-27)/18?
1
Let w = -594 + 619. What is the remainder when 322 is divided by w?
22
What is the remainder when (-10 - 3744/(-28))/((-4)/(-14)) is divided by 15?
13
Suppose 21*m - 14 + 21 = 28. Suppose 0 = -h - h + 24. What is the remainder when h is divided by m?
0
Let j = -6 + 8. Suppose 4*w - 77 = -5*y + 330, 0 = -5*y + 3*w + 421. What is the remainder when y is divided by j*1 - -26*1?
27
What is the remainder when (-3608)/(-165) - (-2)/15 is divided by 15?
7
Suppose -5*g + 553 = 2*g. What is the remainder when g is divided by 25?
4
Suppose -321 + 172 = -58*z + 199. Let w(j) = 3*j**2 + 5*j - 5. Let y be w(-5). Suppose 4*f - y = 47. Calculate the remainder when f is divided by z.
5
Let m = 6 - 9. Let h be ((-9)/(-3))/m - -4. Suppose -3*f + 20 + 22 = -h*l, 14 = 3*f + 4*l. What is the remainder when f is divided by 6?
4
Suppose -4*z = 6*x - 88, -5*z = 12*x - 16*x - 133. Suppose -4*c + 224 = 32. What is the remainder when c is divided by z?
23
Let o be (7 - -1)/(1/4). Let k(l) = 8*l**2 + 71*l - 7. Let m be k(-9). Suppose t - o = -3*i, -m*i + i + 30 = t. Calculate the remainder when t is divided by 16.
13
Let m = -85 - -100. Let g = 6 + m. What is the remainder when 101 is divided by g?
17
Let p(t) = t**2 - 3*t - 5. Let w be p(-2). Suppose -o + 80 = w*s, 0*s = 5*s - 4*o - 105. Calculate the remainder when 82 is divided by s.
14
Suppose 11*b + 2*b = 1963. What is the remainder when b is divided by (-2 - -2)*1 + 38?
37
Let c = -74 + 144. What is the remainder when c is divided by 12?
10
Let m(j) = -j + 135. What is the remainder when m(7) is divided by 26?
24
Suppose 0 = -6*m + 138 + 114. Let h = m - 36. What is the remainder when 46 is divided by h?
4
Let z be -52*(2/(-5) + 1/(-10)). Suppose -4 = 2*k - z. What is the remainder when 30 is divided by k?
8
Suppose -4*c - 26 = -17*c. What is the remainder when -4*(c + (-10)/4) - -4 is divided by -6*2*1/(-3)?
2
Suppose 986 = 4*k + 13*k. Calculate the remainder when k is divided by 26.
6
Let v(j) = j**2 - 3*j - 2. What is the remainder when v(11) is divided by 11?
9
Suppose -2*w + a + 37 = 0, 4*w + 10*a - 8*a = 70. Calculate the remainder when 351 is divided by w.
9
Suppose -5*c + 4 = -41. Let g be (4 + 13/(-3))*-12. What is the remainder when 2540/75 - g/(-30) is divided by c?
7
Let q = 50 + -27. What is the remainder when 458 is divided by q?
21
Let z(t) = -t**2 - t + 25. Let y(m) = -11 - 4*m + m**2 - 4 - 5 + 2. Calculate the remainder when y(13) is divided by z(0).
24
Let d(n) = n**3 + 6*n**2 - 2*n + 12. Let t be d(-6). Let p = -16 + t. What is the remainder when 15 is divided by p?
7
Let y be (273/5)/((-14)/(-70)). Let n = y - 161. What is the remainder when n is divided by 23?
20
Let n = -16 - -21. Suppose -n*j + 5 = -5. What is the remainder when 38 is divided by 34/4 + 3/j?
8
Suppose -1105 + 461 = -28*s. Calculate the remainder when s is divided by 8.
7
Suppose -2*n - 12 = 4*r, 2*n - 27 - 1 = 4*r. Calculate the remainder when ((-3 - 4) + -1)*(-5)/4 is divided by (-2)/n*(-2 + -10).
4
Let l be (-3)/6*(14 - -4). Let s = l - -11. Suppose 80 = s*w - 34. Calculate the remainder when w is divided by 15.
12
Let z = 237 + -354. Let k = z + 132. What is the remainder when k is divided by (-3)/((-1)/(-1) - 2)?
0
Let k be 0 - -5 - (-5 + 1). Suppose 3*p = k*p - 162. Calculate the remainder when 51 is divided by p.
24
Calculate the remainder when 14106/36 + (-6)/(-36) is divided by 126.
14
Suppose -285*v - 4568 = -293*v. What is the remainder when v is divided by 96?
91
Let y(l) = l**2 - 2*l**2 + 23*l**3 + 0*l**2. Let m(g) = -16*g + 241. Let f be m(15). Calculate the remainder when y(f) is divided by 6.
4
Suppose 5*x + 4*u + 76 = -44, u - 89 = 3*x. Let k = -24 - -40. Calculate the remainder when 2/4*4 - x is divided by k.
14
Let v be -143*1/(-1) + 4. Suppose -h + 3*f + 63 = 0, 0 = -4*h + h - 5*f + v. What is the remainder when h is divided by 14?
12
Suppose 0*o - 3*o = 0. Suppose -2*p = -0*s + 5*s, 0 = -2*s + 3*p + 19. Calculate the remainder when (o - (-15)/2)*s is divided by 4.
3
Let r(a) = a**2. Let i be r(-1). Let q be (8 + -7)*5/i. Suppose -3*w = -q*n - 140, 1 = -w - 4*n + 25. Calculate the remainder when w is divided by 21.
19
Suppose -909 = -t - k, 5*t + k = 1677 + 2860. What is the remainder when t is divided by 182?
179
Let a = -539 + 1054. Suppose 0 = 3*c + 2*n - n - 380, 4*c + 3*n - a = 0. What is the remainder when c is divided by 16?
13
Let m = -10 + 15. Suppose 2*p - 65 = -5*t, 3*p - m*t - 109 = 26. Let o(w) = -9*w - 236. What is the remainder when p is divided by o(-27)?
5
Let r(q) = -2*q + 5. Suppose 0*l + 20 = -4*l. Let j = 577 + -568. What is the remainder when r(l) is divided by j?
6
Let b be ((-24)/(-30))/((-4)/1310). Let y = b + 487. Calculate the remainder when y is divided by 19.
16
Let y = -344 + 403. Calculate the remainder when 471 is divided by y.
58
Suppose 3*p - 13*p + 80 = 0. What is the remainder when 23 is divided by p?
7
Suppose 5*w + 85 = -2*n, -n - 71 = w + 3*w. Let c(a) = -3*a - 32. What is the remainder whe